 23
Let a = 169 + 125. List the prime factors of a.
2, 3, 7
Let t(f) = -f**3 + 6*f**2 + 6*f - 4. Let y be t(6). Let h = y + -5. List the prime factors of h.
3
Suppose 2*v - q = 778 + 361, -3*q = 4*v - 2293. What are the prime factors of v?
571
Suppose 15*b - 20*b = 1470. Let j = 471 + b. What are the prime factors of j?
3, 59
Let c(a) = a**3 - a**2 + a - 4. Let w be c(0). List the prime factors of -83*w/(-8)*-4.
2, 83
Let h(x) = 2*x + 44. Let t be h(-12). List the prime factors of (-4)/10 - (-4628)/t.
3, 7, 11
Suppose 3*z + 566 = 1562. What are the prime factors of z?
2, 83
Let v(r) = 47*r. Let z = 12 + -7. Let k be (-2)/z - 7/(-5). List the prime factors of v(k).
47
Suppose -4*d + 4*s = -2051 - 2745, s - 1209 = -d. What are the prime factors of d?
2, 7, 43
Let g(d) = -d**3 - 2*d**2 + 11*d + 25. List the prime factors of g(-5).
3, 5
Let w(v) = -5*v + 1. Let q be w(-1). Let t = q + -25. Let h = 15 - t. List the prime factors of h.
2, 17
Let g = 8 + -3. Let y = -119 - -113. What are the prime factors of 2*(g + (y - -2))?
2
Let d(y) = y. Let t(w) = -3 - 3 + 1 + 4. Let a(z) = d(z) + 3*t(z). List the prime factors of a(9).
2, 3
Let v(m) = 4*m**3 - 3*m**2 - 11*m - 44. List the prime factors of v(8).
2, 431
Let x(c) = c**2 - 3*c - 2. Let n(i) = -5*i**2 + 0*i**2 - 4*i**2 - i**3 - 2*i**2 + 5. Let l be n(-11). List the prime factors of x(l).
2
Suppose -6*l + 11 = -7. Suppose -5*k + 0*k + 471 = l*d, -k = -d + 165. List the prime factors of d.
2, 3
Let r(k) = -k**2 - 6*k + 14. Let s be r(-7). Let p be (-14)/(-4)*(-100)/(-35). Let i = p - s. List the prime factors of i.
3
Let p be (16/(-24))/(1/(-3)). Let c(h) = 10*h**p + 11*h**2 + 3*h**2 - h. List the prime factors of c(1).
23
Suppose 0 = -2*n + 2*k - 17 + 3, -4*k - 20 = 4*n. Let m = -25 + 34. List the prime factors of n/m - 14/(-3).
2
Let s(o) = -12*o + 2*o**2 - 1 - 13*o**2 - o**3 - 3. Let i = 313 + -323. List the prime factors of s(i).
2
Suppose 0 = -p + 89 + 181. Suppose -p = -6*y - 36. What are the prime factors of y?
3, 13
List the prime factors of (-1 + -1)*14/84*-183.
61
Let z(b) = 2296*b**3 - 5*b + 5. What are the prime factors of z(1)?
2, 7, 41
Let r = 689 - 411. Suppose -5*g - p = 2*p - 329, -4*g + r = -5*p. What are the prime factors of g?
67
Suppose -7*i + 6*i = 3*w + 10, -5*i - w + 6 = 0. Let v(d) = 67*d**2 - 4*d + 9. What are the prime factors of v(i)?
269
Let s = -186 - -310. List the prime factors of s.
2, 31
Let u(s) = s - 9. Let v be u(15). Let b(w) = 10*w - 4. Let h be b(v). Suppose 3*a + h = 7*a. What are the prime factors of a?
2, 7
Suppose 2*n + 42 = 5*x - 161, 0 = 2*x + 5*n - 87. List the prime factors of x.
41
Let s(h) = h + 2. Let k be s(8). Suppose 2*r + k = 0, 6*r - 3*r = 5*m - 1000. List the prime factors of m.
197
Let r(t) = 2*t**2 - 17*t + 12. Let n(u) = -11*u**3 - u**2 - u. Let h be n(-1). List the prime factors of r(h).
67
Suppose 0 = -3*a - 37 - 35. Let c = a + 35. Suppose 0 = 14*y - c*y - 6. List the prime factors of y.
2
Let b(w) = 6*w + 120. List the prime factors of b(23).
2, 3, 43
Suppose -4*d - f = -95, -4*f = 5*d - 0*f - 116. Suppose d - 220 = -4*r. Let q = 70 - r. List the prime factors of q.
3, 7
Let t = 70 - 69. Suppose -4*a = -g + 115 - t, 4*g + a - 524 = 0. What are the prime factors of g?
2, 5, 13
List the prime factors of 62475/12 - 58/232.
2, 19, 137
List the prime factors of (-1)/(((-250)/8580)/25).
2, 3, 11, 13
Let k(t) = 169*t - 277. What are the prime factors of k(11)?
2, 7, 113
Let f(y) = -2*y - 3. Let q be f(-3). Let l(v) = 5*v - 12 - q*v + 2. List the prime factors of l(12).
2, 7
Let f(q) = q**3 - 15*q**2 + 7*q - 5. Let x = -8 - -23. What are the prime factors of f(x)?
2, 5
Let x(o) = 4*o**2 - 3*o - 3. Let t(h) be the second derivative of h**3/6 + 3*h**2/2 - 4*h. Let m be t(-5). List the prime factors of x(m).
19
Let r = -1 + -1. Let z be -6*-1*(-1)/r. What are the prime factors of (2 + -3 + z)/1?
2
Let g(p) = -p**2 + 4*p - 1. Let i be g(4). Let c be -18 + i*(-1 + -1). Let v = -8 - c. List the prime factors of v.
2
Suppose -858 - 1284 = -7*i. Let n = 433 - i. What are the prime factors of n?
127
Let g = -634 + 704. List the prime factors of g.
2, 5, 7
Suppose -2*p - p = -3*o - 2856, 2*o = -3*p + 2851. List the prime factors of p.
3, 317
Let j(s) = 205*s + 10. List the prime factors of j(2).
2, 3, 5, 7
Suppose 0 = -f - 2, 4*w + 4*f - 4551 = -1579. List the prime factors of w.
5, 149
Let o be 2/(0 - 2) - -184. Suppose -s = -2*l + o, 0 = -4*s + 9 + 11. What are the prime factors of l?
2, 47
Let i(j) = 82*j. Let p be i(8). Suppose 6*k = p + 244. What are the prime factors of k?
2, 3, 5
Let z(b) = 4*b**3 + 9*b**2 + 12*b + 3. List the prime factors of z(8).
7, 389
Let w(m) be the third derivative of -m**4/6 + m**3/3 - 4*m**2. Let z be w(-1). Suppose -4*k = 2*q + z, -k - 3*k - 16 = 0. List the prime factors of q.
5
Suppose 4*l - 4*q + 16 = 0, 4*l - 22 = 2*l - 4*q. Suppose -3*f + l + 11 = 0. Suppose s = -f*s + 55. List the prime factors of s.
11
Let f be (-2)/(6/63*3). Let p(s) = -19*s - 47. Let k(g) = -6*g - 16. Let m(c) = -8*k(c) + 3*p(c). What are the prime factors of m(f)?
2, 5
List the prime factors of -1 + -2 + 1/((-1)/(-180)).
3, 59
Let c be (-4 + (-248)/4)/(-2). Suppose 0 = n - c + 5. What are the prime factors of n?
2, 7
Suppose 3*n = -2*r + 25, -5*r + 3*n = -4*r + 10. Suppose 3*j - 23 = -5*w + 32, -4*j + 15 = -r*w. List the prime factors of j.
2, 5
Suppose 0 = 5*i - 6 + 1. List the prime factors of (i/2)/(2/124).
31
Suppose 0*i + 2*i - 62 = 0. Let a = -22 + i. List the prime factors of a.
3
Let i(r) be the second derivative of -r**3/3 + 22*r**2 + 7*r. List the prime factors of i(0).
2, 11
List the prime factors of (-1 - -2)*((1 - -396) + 6).
13, 31
Let i be 7/(21/234) - -3. List the prime factors of 6*9/(i/12).
2
Let y(c) = -c**3 + 5*c**2 - 6*c + 5. Let i be y(4). Let h be 19*(i - -4) + 2. Let u = 37 - h. List the prime factors of u.
2
Suppose -4*o + 2025 = l, -17*o + 6 = -14*o. What are the prime factors of l?
2017
Let t(m) = m**2 + 3*m - 17. Let a(x) = -4*x + 57. Let i be a(16). List the prime factors of t(i).
11
Suppose 24 = -5*g + 2*z, 2 = -g + 3*z - 4*z. List the prime factors of g/(-10) + 3738/30.
5
Suppose -268 = -6*l + 74. Suppose 1276 = -l*i + 61*i. What are the prime factors of i?
11, 29
Let w be (-6)/6 - -3*2. Suppose 4*n + 3*c = -7, c = -w*n - 4*c - 15. Suppose 0 = 5*v - 4*q - 184, -n*q + 105 = 3*v + q. List the prime factors of v.
2, 3
Let u(i) = -i**2 + 3*i - 10. Let m be u(7). Let o = 85 + m. Let w = o - 20. What are the prime factors of w?
3
Let x(p) = -p**2 - 7*p + 5. Let y be x(-7). Suppose -y*j + 3*g + 132 = 0, -j + 2*g = 6*g - 31. Let o = j - -1. What are the prime factors of o?
2, 7
Suppose -2*v = 2*v - 12. Suppose v*s - 170 = 259. List the prime factors of s.
11, 13
Suppose -4*h + 2*j + 568 = 0, -5*h - 2*j + 710 = j. Suppose h = 4*k + 2*l, 5*k + 4*l - l = 177. What are the prime factors of k?
2, 3
Let w = -62 - -498. What are the prime factors of w?
2, 109
Let m be 8/(-10) - (-36)/45. Suppose m*k = k - 119. List the prime factors of k.
7, 17
Let f = 87 - 24. Suppose 4*y = f + 173. List the prime factors of y.
59
Suppose 0*a - a = -162. Let v = a + -113. Let n = v - 16. List the prime factors of n.
3, 11
Suppose 33 = 3*f + 3. Let w be (16/f)/((-6)/(-15)). Let t(i) = i**3 - 2*i**2 - 4*i + 2. What are the prime factors of t(w)?
2, 3
Suppose -a - 176 = -641. List the prime factors of a.
3, 5, 31
Suppose 7*d - 12*d - 190 = 0. Let p = d - -36. List the prime factors of p/(-2) + -3 + 28.
2, 13
Suppose -3 = -3*u - 9. What are the prime factors of 14 - ((-1)/(-2))/(u/4)?
3, 5
Let v(t) = 7*t - 37. Let p(l) = 8*l - 37. Let m(q) = -4*p(q) + 3*v(q). List the prime factors of m(-6).
103
Suppose 2*x = 29 + 73. Suppose -w - x = -4*w. List the prime factors of w.
17
Suppose -429 + 1657 = 4*n. Suppose -n + 25 = -6*y. Suppose -2*u = -u - y. List the prime factors of u.
47
Let f = -24 + 23. Let r be (-42)/14 - 5/f. Suppose -y = 5*j + 22, 4*y = 3*j - r*j + 17. What are the prime factors of y?
3
Let p = -257 - -173. Let k = p + 125. What are the prime factors of k?
41
Let i = 2318 + 1237. What are the prime factors of i?
3, 5, 79
Let s(p) = -17*p + p**2 + 0 + 17*p + 21. List the prime factors of s(-10).
11
Suppose p + z - 373 = 0, 4*p - 3*p - 4